{"id":28,"date":"2020-04-03T10:50:22","date_gmt":"2020-04-03T10:50:22","guid":{"rendered":"http:\/\/ritafuer4pfoten.com\/?page_id=28"},"modified":"2024-10-16T15:59:40","modified_gmt":"2024-10-16T15:59:40","slug":"home","status":"publish","type":"page","link":"https:\/\/ritafuer4pfoten.com\/?page_id=28","title":{"rendered":"MOIN!"},"content":{"rendered":"\n<p>Herzlich willkommen liebe Fellnasen bei eurem Pfotenfahrdienst mit Herz in Norddeutschland!<\/p>\n\n\n\n<p>Wenn ihr ein Tier-Taxi braucht, f\u00fcr eine Fahrt zum Tierarzt, in den Hundesalon oder in die Urlaubspension,&nbsp;meldet euch gerne bei mir.<\/p>\n\n\n\n<p>Ebenso&nbsp;wenn ihr Auslauf braucht, sei es eine kleine oder auch gr\u00f6\u00dfere Runde, Herrchen und Frauchen verhindert&nbsp;sind. F\u00fcttern und Betreuung ist ebenfalls m\u00f6glich. Morgendliche Runden, auch vor dem Fr\u00fchst\u00fcck, oder abendliche Spazierg\u00e4nge&#8230;schreibt was ihr braucht! Freue mich sehr euch kennenzulernen. <\/p>\n\n\n\n<p>Rita (mit Aussie Maja)<br><br>+49 (0)176 48 59 32 76<br><a rel=\"noreferrer noopener\" href=\"mailto:kontakt@ritafuer4pfoten.com\" target=\"_blank\">kontakt@ritafuer4pfoten.com<\/a><\/p>\n\n\n\n<figure class=\"wp-block-image is-resized size-large\"><img loading=\"lazy\" decoding=\"async\" src=\"http:\/\/ritafuer4pfoten.com\/wp-content\/uploads\/2020\/04\/Rita-Maya-1024x768.jpg\" alt=\"Frauchen und Hund\" class=\"wp-image-60\" width=\"489\" height=\"367\" srcset=\"https:\/\/ritafuer4pfoten.com\/wp-content\/uploads\/2020\/04\/Rita-Maya-1024x768.jpg 1024w, https:\/\/ritafuer4pfoten.com\/wp-content\/uploads\/2020\/04\/Rita-Maya-300x225.jpg 300w, https:\/\/ritafuer4pfoten.com\/wp-content\/uploads\/2020\/04\/Rita-Maya-768x576.jpg 768w, https:\/\/ritafuer4pfoten.com\/wp-content\/uploads\/2020\/04\/Rita-Maya-1536x1152.jpg 1536w, https:\/\/ritafuer4pfoten.com\/wp-content\/uploads\/2020\/04\/Rita-Maya-2048x1536.jpg 2048w, https:\/\/ritafuer4pfoten.com\/wp-content\/uploads\/2020\/04\/Rita-Maya-795x596.jpg 795w\" sizes=\"auto, (max-width: 489px) 100vw, 489px\" \/><\/figure>\n\n\n\n<p><\/p>\n","protected":false},"excerpt":{"rendered":"<p>Herzlich willkommen liebe Fellnasen bei eurem Pfotenfahrdienst mit Herz in Norddeutschland! Wenn ihr ein Tier-Taxi braucht, f\u00fcr eine Fahrt zum Tierarzt, in den Hundesalon oder in die Urlaubspension,&nbsp;meldet euch gerne bei mir. Ebenso&nbsp;wenn ihr Auslauf braucht, sei es eine kleine oder auch gr\u00f6\u00dfere Runde, Herrchen und Frauchen verhindert&nbsp;sind. F\u00fcttern und Betreuung ist ebenfalls m\u00f6glich. Morgendliche Runden, auch vor dem Fr\u00fchst\u00fcck, [&hellip;]<\/p>\n","protected":false},"author":1,"featured_media":0,"parent":0,"menu_order":0,"comment_status":"closed","ping_status":"closed","template":"","meta":{"footnotes":""},"class_list":["post-28","page","type-page","status-publish","hentry"],"_links":{"self":[{"href":"https:\/\/ritafuer4pfoten.com\/index.php?rest_route=\/wp\/v2\/pages\/28","targetHints":{"allow":["GET"]}}],"collection":[{"href":"https:\/\/ritafuer4pfoten.com\/index.php?rest_route=\/wp\/v2\/pages"}],"about":[{"href":"https:\/\/ritafuer4pfoten.com\/index.php?rest_route=\/wp\/v2\/types\/page"}],"author":[{"embeddable":true,"href":"https:\/\/ritafuer4pfoten.com\/index.php?rest_route=\/wp\/v2\/users\/1"}],"replies":[{"embeddable":true,"href":"https:\/\/ritafuer4pfoten.com\/index.php?rest_route=%2Fwp%2Fv2%2Fcomments&post=28"}],"version-history":[{"count":17,"href":"https:\/\/ritafuer4pfoten.com\/index.php?rest_route=\/wp\/v2\/pages\/28\/revisions"}],"predecessor-version":[{"id":148,"href":"https:\/\/ritafuer4pfoten.com\/index.php?rest_route=\/wp\/v2\/pages\/28\/revisions\/148"}],"wp:attachment":[{"href":"https:\/\/ritafuer4pfoten.com\/index.php?rest_route=%2Fwp%2Fv2%2Fmedia&parent=28"}],"curies":[{"name":"wp","href":"https:\/\/api.w.org\/{rel}","templated":true}]}}