{"id":208,"date":"2022-08-23T14:21:12","date_gmt":"2022-08-23T14:21:12","guid":{"rendered":"http:\/\/ritafuer4pfoten.com\/?page_id=208"},"modified":"2024-10-16T15:59:40","modified_gmt":"2024-10-16T15:59:40","slug":"katzensitting","status":"publish","type":"page","link":"https:\/\/ritafuer4pfoten.com\/?page_id=208","title":{"rendered":"Katzensitting"},"content":{"rendered":"\n<p>Sie sind berufst\u00e4tig,&nbsp;Sie fahren in Urlaub oder m\u00fcssen kurzfristig auf Dienstreise? Und wer&nbsp;versorgt ihre Katze? Gerne \u00fcbernehme ich die Versorgung ihres Haustieres (Hund,&nbsp;Katze, Vogel, Nager)! F\u00fcttern, Katzenklo oder K\u00e4fig s\u00e4ubern, Streicheleinheiten verteilen,\u2026&nbsp;<\/p>\n\n\n\n<p>Die Betreuung ihrer Tiere findet in gewohnter Umgebung bei ihnen zuhause statt. Dies mindert den Stress f\u00fcr ihr Tier und steigert den Wohlf\u00fchlfaktor.<\/p>\n\n\n\n<p>einmal t\u00e4glich \u20ac 10,00<br>zweimal t\u00e4glich \u20ac 20,00<\/p>\n\n\n\n<p>zzgl. Kilometerabrechnung zu \u20ac 0,50 pro gefahrenem Kilometer.\u00a0<br>(Der Preis bezieht sich auf max. 2 Katzen. F\u00fcr jede weitere Katze fallen \u20ac 2,50 an.)<\/p>\n\n\n\n<p>Weiterhin k\u00f6nnen Zusatzdienstleistungen wie B\u00fcrsten\/K\u00e4mmen, Medikamentengabe, Verbandswechsel etc. durchgef\u00fchrt werden und werden nach Aufwand berechnet.<\/p>\n\n\n\n<figure class=\"wp-block-gallery has-nested-images columns-default is-cropped wp-block-gallery-1 is-layout-flex wp-block-gallery-is-layout-flex\">\n<figure class=\"wp-block-image size-large\"><img loading=\"lazy\" decoding=\"async\" width=\"768\" height=\"1024\" data-id=\"217\" src=\"http:\/\/ritafuer4pfoten.com\/wp-content\/uploads\/2022\/08\/20210515_070700-768x1024.jpg\" alt=\"\" class=\"wp-image-217\" srcset=\"https:\/\/ritafuer4pfoten.com\/wp-content\/uploads\/2022\/08\/20210515_070700-768x1024.jpg 768w, https:\/\/ritafuer4pfoten.com\/wp-content\/uploads\/2022\/08\/20210515_070700-225x300.jpg 225w, https:\/\/ritafuer4pfoten.com\/wp-content\/uploads\/2022\/08\/20210515_070700-1152x1536.jpg 1152w, https:\/\/ritafuer4pfoten.com\/wp-content\/uploads\/2022\/08\/20210515_070700-1536x2048.jpg 1536w, https:\/\/ritafuer4pfoten.com\/wp-content\/uploads\/2022\/08\/20210515_070700-795x1060.jpg 795w, https:\/\/ritafuer4pfoten.com\/wp-content\/uploads\/2022\/08\/20210515_070700-scaled.jpg 1920w\" sizes=\"auto, (max-width: 768px) 100vw, 768px\" \/><\/figure>\n\n\n\n<figure class=\"wp-block-image size-large\"><img loading=\"lazy\" decoding=\"async\" width=\"768\" height=\"1024\" data-id=\"259\" src=\"http:\/\/ritafuer4pfoten.com\/wp-content\/uploads\/2023\/10\/WhatsApp-Image-2023-10-30-at-12.19.17.jpeg\" alt=\"\" class=\"wp-image-259\" srcset=\"https:\/\/ritafuer4pfoten.com\/wp-content\/uploads\/2023\/10\/WhatsApp-Image-2023-10-30-at-12.19.17.jpeg 768w, https:\/\/ritafuer4pfoten.com\/wp-content\/uploads\/2023\/10\/WhatsApp-Image-2023-10-30-at-12.19.17-225x300.jpeg 225w\" sizes=\"auto, (max-width: 768px) 100vw, 768px\" \/><\/figure>\n\n\n\n<figure class=\"wp-block-image size-large\"><img loading=\"lazy\" decoding=\"async\" width=\"1024\" height=\"576\" data-id=\"216\" src=\"http:\/\/ritafuer4pfoten.com\/wp-content\/uploads\/2022\/08\/20210922_185916-1024x576.jpg\" alt=\"\" class=\"wp-image-216\" srcset=\"https:\/\/ritafuer4pfoten.com\/wp-content\/uploads\/2022\/08\/20210922_185916-1024x576.jpg 1024w, https:\/\/ritafuer4pfoten.com\/wp-content\/uploads\/2022\/08\/20210922_185916-300x169.jpg 300w, https:\/\/ritafuer4pfoten.com\/wp-content\/uploads\/2022\/08\/20210922_185916-768x432.jpg 768w, https:\/\/ritafuer4pfoten.com\/wp-content\/uploads\/2022\/08\/20210922_185916-1536x864.jpg 1536w, https:\/\/ritafuer4pfoten.com\/wp-content\/uploads\/2022\/08\/20210922_185916-2048x1152.jpg 2048w, https:\/\/ritafuer4pfoten.com\/wp-content\/uploads\/2022\/08\/20210922_185916-795x447.jpg 795w\" sizes=\"auto, (max-width: 1024px) 100vw, 1024px\" \/><\/figure>\n<\/figure>\n\n\n\n<p class=\"has-small-font-size\"><\/p>\n","protected":false},"excerpt":{"rendered":"<p>Sie sind berufst\u00e4tig,&nbsp;Sie fahren in Urlaub oder m\u00fcssen kurzfristig auf Dienstreise? Und wer&nbsp;versorgt ihre Katze? Gerne \u00fcbernehme ich die Versorgung ihres Haustieres (Hund,&nbsp;Katze, Vogel, Nager)! F\u00fcttern, Katzenklo oder K\u00e4fig s\u00e4ubern, Streicheleinheiten verteilen,\u2026&nbsp; Die Betreuung ihrer Tiere findet in gewohnter Umgebung bei ihnen zuhause statt. Dies mindert den Stress f\u00fcr ihr Tier und steigert den Wohlf\u00fchlfaktor. einmal t\u00e4glich \u20ac 10,00zweimal t\u00e4glich [&hellip;]<\/p>\n","protected":false},"author":1,"featured_media":0,"parent":0,"menu_order":0,"comment_status":"closed","ping_status":"closed","template":"","meta":{"footnotes":""},"class_list":["post-208","page","type-page","status-publish","hentry"],"_links":{"self":[{"href":"https:\/\/ritafuer4pfoten.com\/index.php?rest_route=\/wp\/v2\/pages\/208","targetHints":{"allow":["GET"]}}],"collection":[{"href":"https:\/\/ritafuer4pfoten.com\/index.php?rest_route=\/wp\/v2\/pages"}],"about":[{"href":"https:\/\/ritafuer4pfoten.com\/index.php?rest_route=\/wp\/v2\/types\/page"}],"author":[{"embeddable":true,"href":"https:\/\/ritafuer4pfoten.com\/index.php?rest_route=\/wp\/v2\/users\/1"}],"replies":[{"embeddable":true,"href":"https:\/\/ritafuer4pfoten.com\/index.php?rest_route=%2Fwp%2Fv2%2Fcomments&post=208"}],"version-history":[{"count":7,"href":"https:\/\/ritafuer4pfoten.com\/index.php?rest_route=\/wp\/v2\/pages\/208\/revisions"}],"predecessor-version":[{"id":325,"href":"https:\/\/ritafuer4pfoten.com\/index.php?rest_route=\/wp\/v2\/pages\/208\/revisions\/325"}],"wp:attachment":[{"href":"https:\/\/ritafuer4pfoten.com\/index.php?rest_route=%2Fwp%2Fv2%2Fmedia&parent=208"}],"curies":[{"name":"wp","href":"https:\/\/api.w.org\/{rel}","templated":true}]}}